156331 (base 7) to base 14.
1491988
What is -5320512 (base 8) in base 12?
-58440a
-142210342 (base 6) to base 3
-12110211021222
Convert 1a70d95 (base 14) to base 8.
62214747
-190121 (base 12) to base 8
-1522651
776317 (base 8) to base 3
111021110210
-11220011010210 (base 3) to base 13
-700c74
What is 162327 (base 13) in base 11?
344462
16303013 (base 8) to base 16
39860b
1132201 (base 9) to base 4
2111113102
33404 (base 13) to base 16
16b1a
Convert -26029 (base 11) to base 16.
-91b3
3415354 (base 8) to base 11
581570
-313232310 (base 4) to base 9
-377120
Convert e5c4 (base 16) to base 9.
88615
Convert 1000010111100001001001 (base 2) to base 15.
2d4dc1
What is -ae5b72 (base 16) in base 8?
-53455562
10100100110011010101101 (base 2) to base 10
5400237
Convert 221100100 (base 5) to base 8.
3513563
Convert 122002132 (base 5) to base 11.
365634
Convert 13055 (base 9) to base 6.
104422
Convert 11110100110011100100 (base 2) to base 3.
1212221110221
-236807 (base 16) to base 8
-10664007
-10011000101110100111 (base 2) to base 15
-c5550
What is 6044636 (base 7) in base 10?
717191
What is -1143535 (base 6) in base 2?
-1110110000110011
Convert -7693 (base 13) to base 7.
-66100
What is 413110 (base 7) in base 6?
1303214
-1043313122 (base 5) to base 7
-25513224
7587896 (base 10) to base 7
121332101
What is -12a141 (base 11) in base 12?
-99b41
What is 135b3 (base 16) in base 6?
1411015
-121331100 (base 4) to base 12
-51640
What is -201232122 (base 4) in base 3?
-21000111020
What is 4358954 (base 10) in base 2?
10000101000001100101010
Convert -34164876 (base 9) to base 12.
-5675013
-11423003201 (base 5) to base 15
-12b576b
-1000000122221 (base 3) to base 10
-531925
Convert 16a051 (base 15) to base 12.
44a987
Convert 7774355 (base 11) to base 5.
11442332033
Convert -6730225 (base 9) to base 7.
-42533231
What is 42144567 (base 8) in base 14?
1294d15
Convert 2131001210 (base 4) to base 11.
3aa252
What is 11110111100010000011 (base 2) in base 12?
40a8ab
Convert -110000011010011111 (base 2) to base 8.
-603237
What is -11002201111 (base 3) in base 4?
-103231030
Convert -210100120201001 (base 3) to base 6.
-1043125001
460417 (base 8) to base 7
1216401
What is 135241 (base 10) in base 11?
92677
What is 21123310200 (base 4) in base 6?
125002120
What is -56031240 (base 7) in base 3?
-100002110021100
What is -1101001100101111 (base 2) in base 10?
-54063
Convert -b1b046 (base 12) to base 15.
-39cc00
Convert -2200011102102 (base 3) to base 6.
-50235532
What is 51332505 (base 7) in base 11?
24730a8
What is 64b5c (base 13) in base 6?
3523002
Convert 1011000011001111110011 (base 2) to base 11.
16a9520
Convert 52800 (base 12) to base 8.
323400
What is -122000102121 (base 3) in base 4?
-1101301030
What is 34344515 (base 6) in base 4?
10001303333
Convert -42a81b (base 12) to base 2.
-100000001101000010111
58746 (base 10) to base 4
32111322
What is -888bc1 (base 15) in base 8?
-30652130
Convert -67d8e7 (base 16) to base 2.
-11001111101100011100111
-4434034204 (base 5) to base 2
-100100111001111001000000
Convert -10001111110111001001000 (base 2) to base 6.
-245012200
-54509 (base 10) to base 9
-82685
What is -106291 (base 11) in base 16?
-295a3
Convert 25883510 (base 9) to base 5.
11231004444
231313022 (base 4) to base 8
556712
-15468038 (base 9) to base 13
-17a47c6
What is 2240431 (base 7) in base 5?
32404414
What is -1000110101001000110000 (base 2) in base 5?
-1043033200
-1311321030 (base 4) to base 14
-c7da4
Convert -10213132312 (base 4) to base 12.
-4a449a
What is 1203160 (base 7) in base 14?
3d767
15bd5d (base 14) to base 11
481051
5465e8 (base 15) to base 13
aaa293
268202 (base 13) to base 12
38b338
1134255 (base 7) to base 3
21021101120
Convert 264ba (base 15) to base 7.
1020235
What is -492a9 (base 13) in base 14?
-3702a
-3b6986 (base 12) to base 3
-1212010000210
4230233103 (base 5) to base 14
12604d7
-1b6921 (base 13) to base 11
-439080
Convert d7224 (base 16) to base 10.
881188
Convert -2243441 (base 5) to base 14.
-10a88
1252523 (base 6) to base 5
4204230
100302020 (base 4) to base 6
1250132
What is -465a (base 12) in base 6?
-100154
What is -11011000000000 (base 3) in base 10?
-2204496
667545 (base 8) to base 7
1625225
-23edd (base 16) to base 11
-a0627
Convert -6a942 (base 12) to base 10.
-143042
What is -1400332 (base 5) in base 6?
-334345
49716 (base 11) to base 6
1310331
-27c2457 (base 13) to base 5
-11211204133
Convert -3348aa (base 13) to base 4.
-10213113302
5293 (base 11) to base 6
52223
1012102102122 (base 3) to base 15
c915e
Convert 50183 (base 13) to base 5.
14034311
What is 1bc433 (base 14) in base 4?
3302231231
What is 340106 (base 14) in base 10?
1767338
-132123200 (base 4) to base 10
-124640
Convert 1209129 (base 11) to base 3.
10221222121101
-101333333 (base 4) to base 16
-11fff
What is 98a74 (base 12) in base 13?
70c18
Convert -2211133403 (base 5) to base 3.
-100000012011020
Convert -6779806 (base 10) to base 15.
-8ddc71
What is 1185173 (base 9) in base 11?
401a23
What is 222e8 (base 16) in base 4?
202023220
Convert -12243424 (base 5) to base 15.
-25229
Convert -1010111011111011010001 (base 2) to base 11.
-1688a40
What is 850412 (base 16) in base 11?
4a14506
Convert 100010000101010 (base 2) to base 9.
25838
Convert 3335176 (base 8) to base 6.
31141154
What is -49228 (base 11) in base 6?
-1303503
Convert 12134104 (base 5) to base 15.
240a4
296685 (base 14) to base 12
594a11
What is 8001a5 (base 11) in base 7?
13644660
Convert -7092 (base 13) to base 14.
-5910
What is -30c7d1 (base 14) in base 10?
-1647955
What is c05fa (base 16) in base 10?
787962
What is 4423233 (base 11) in base 9?
15543177
Convert -35577 (base 8) to base 9.
-22803
-41253 (base 16) to base 3
-111120000210
What is 3271723 (base 9) in base 11?
aa2076
399064 (base 11) to base 10
626971
d4f1 (base 16) to base 12
27669
-213102330 (base 4) to base 7
-1240155
-29aa867 (base 11) to base 14
-98207c
What is -234022234 (base 6) in base 2?
-10000101111011110101110
What is -130234224 (base 5) in base 10?
-633689
Convert -db4596 (base 15) to base 5.
-10133143031
Convert 43a80 (base 13) to base 10.
122629
-d77dd (base 16) to base 4
-3113133131
21251515 (base 6) to base 7
5226503
1012110221111 (base 3) to base 14
128d9a
What is 3012264 (base 10) in base 5?
1232343024
Convert 9d5308 (base 16) to base 15.
d89e08
101111101100011100 (base 2) to base 5
22222411
213340325 (base 6) to base 10
3807773
Convert -62448 (base 16) to base 15.
-7e3d9
Convert 15734 (base 11) to base 15.
688a
Convert -2305305 (base 8) to base 9.
-1152732
Convert 126965 (base 11) to base 9.
333563
1405c99 (base 15) to base 11
8178974
-2cd323 (base 15) to base 4
-20101333101
-ca474 (base 13) to base 10
-365473
What is 1882254 (base 11) in base 4?
30020120130
What is -63395d (base 14) in base 15?
-4633eb
What is -1a8a047 (base 12) in base 8?
-25451667
What is 2795b2 (base 12) in base 14?
132354
313312403 (base 6) to base 5
2400441310
-1105002244 (base 6) to base 11
-6850122
27b0e (base 15) to base 4
133012010
-64055 (base 8) to base 5
-1323134
Convert -1020210110 (base 4) to base 15.
-5d10b
Convert -6313300 (base 10) to base 11.
-3622304
20010211302 (base 4) to base 2
1000000100100101110010
What is -1045212 (base 9) in base 12?
-230b3b
What is 1c71103 (base 14) in base 15?
13b8bbe
Convert -1000114032 (base 5) to base 3.
-10200110001000
What is -786827 (base 10) in base 16?
-c018b
What is -1510221 (base 6) in base 15?
-1ab47
3a6049b (base 13) to base 6
1453345331
305b (base 15) to base 10
10211
-420112122 (base 5) to base 14
-32bba3
-1d569 (base 16) to base 8
-352551
What is 9a000 (base 14) in base 9?
627818
246700 (base 14) to base 9
2310680
Convert 7262017 (base 9) to base 8.
16630161
660d19 (base 15) to base 16
4a33e5
Convert -10404013 (base 5) to base 9.
-148008
1164554 (base 7) to base 15
2e8e8
What is 1a3d8bc (base 14) in base 9?
26515478
Convert 10100000010110000 (base 2) to base 14.
21cc0
-1087348 (base 10) to base 12
-445304
What is -c702 (base 16) in base 11?
-35305
What is 3122303213 (base 4) in base 9?
1615352
What is 134592 (base 13) in base 4?
1301330220
What is 20000112 (base 3) in base 7?
15536
What is -11001110110000 (base 2) in base 11?
-9a3a
Convert 20322332211 (base 4) to base 14.
44c43b
What is -52825 (base 9) 